{"id":11323,"date":"2021-01-26T10:46:49","date_gmt":"2021-01-26T10:46:49","guid":{"rendered":"https:\/\/kerrock.si\/staging\/mosdokagylok-es-mosogatok\/"},"modified":"2024-05-31T09:26:02","modified_gmt":"2024-05-31T07:26:02","slug":"mosdokagylok-es-mosogatok","status":"publish","type":"page","link":"https:\/\/www.kerrock.hu\/staging\/mosdokagylok-es-mosogatok\/","title":{"rendered":"Term\u00e9kek"},"content":{"rendered":"","protected":false},"excerpt":{"rendered":"","protected":false},"author":5,"featured_media":11330,"parent":0,"menu_order":0,"comment_status":"closed","ping_status":"closed","template":"page-products.php","meta":{"_acf_changed":false,"inline_featured_image":false,"footnotes":""},"class_list":["post-11323","page","type-page","status-publish","has-post-thumbnail","hentry"],"acf":[],"yoast_head":"<!-- This site is optimized with the Yoast SEO plugin v26.9 - https:\/\/yoast.com\/product\/yoast-seo-wordpress\/ -->\n<title>Term\u00e9kek | Staging Kerock<\/title>\n<meta name=\"description\" content=\"Haszn\u00e1lhat\u00f3s\u00e1g, ellen\u00e1ll\u00e1s, k\u00f6nny\u0171 tiszt\u00edt\u00e1s, gy\u00f6ny\u00f6r\u0171 megjelen\u00e9s \u00e9s tervez\u00e9si lehet\u0151s\u00e9gek t\u00f6bb mint j\u00f3 ok arra, hogy kerrock mosd\u00f3t vagy mosogat\u00f3t v\u00e1lasszunk.\" \/>\n<meta name=\"robots\" content=\"noindex, follow, max-snippet:-1, max-image-preview:large, max-video-preview:-1\" \/>\n<meta property=\"og:locale\" content=\"hu_HU\" \/>\n<meta property=\"og:type\" content=\"article\" \/>\n<meta property=\"og:title\" content=\"Term\u00e9kek | Staging Kerock\" \/>\n<meta property=\"og:description\" content=\"Haszn\u00e1lhat\u00f3s\u00e1g, ellen\u00e1ll\u00e1s, k\u00f6nny\u0171 tiszt\u00edt\u00e1s, gy\u00f6ny\u00f6r\u0171 megjelen\u00e9s \u00e9s tervez\u00e9si lehet\u0151s\u00e9gek t\u00f6bb mint j\u00f3 ok arra, hogy kerrock mosd\u00f3t vagy mosogat\u00f3t v\u00e1lasszunk.\" \/>\n<meta property=\"og:url\" content=\"https:\/\/www.kerrock.hu\/staging\/mosdokagylok-es-mosogatok\/\" \/>\n<meta property=\"og:site_name\" content=\"Staging Kerock\" \/>\n<meta property=\"article:modified_time\" content=\"2024-05-31T07:26:02+00:00\" \/>\n<meta property=\"og:image\" content=\"https:\/\/www.kerrock.hu\/wp-content\/uploads\/2020\/12\/umivalniki_in_pomivalniki-2.jpg\" \/>\n\t<meta property=\"og:image:width\" content=\"1920\" \/>\n\t<meta property=\"og:image:height\" content=\"700\" \/>\n\t<meta property=\"og:image:type\" content=\"image\/jpeg\" \/>\n<meta name=\"twitter:card\" content=\"summary_large_image\" \/>\n<meta name=\"twitter:label1\" content=\"Becs\u00fclt olvas\u00e1si id\u0151\" \/>\n\t<meta name=\"twitter:data1\" content=\"3 perc\" \/>\n<script type=\"application\/ld+json\" class=\"yoast-schema-graph\">{\"@context\":\"https:\/\/schema.org\",\"@graph\":[{\"@type\":\"WebPage\",\"@id\":\"https:\/\/www.kerrock.hu\/staging\/mosdokagylok-es-mosogatok\/\",\"url\":\"https:\/\/www.kerrock.hu\/staging\/mosdokagylok-es-mosogatok\/\",\"name\":\"Term\u00e9kek | Staging Kerock\",\"isPartOf\":{\"@id\":\"https:\/\/www.kerrock.hu\/#website\"},\"primaryImageOfPage\":{\"@id\":\"https:\/\/www.kerrock.hu\/staging\/mosdokagylok-es-mosogatok\/#primaryimage\"},\"image\":{\"@id\":\"https:\/\/www.kerrock.hu\/staging\/mosdokagylok-es-mosogatok\/#primaryimage\"},\"thumbnailUrl\":\"https:\/\/www.kerrock.hu\/staging\/wp-content\/uploads\/2020\/12\/umivalniki_in_pomivalniki-2.jpg\",\"datePublished\":\"2021-01-26T10:46:49+00:00\",\"dateModified\":\"2024-05-31T07:26:02+00:00\",\"description\":\"Haszn\u00e1lhat\u00f3s\u00e1g, ellen\u00e1ll\u00e1s, k\u00f6nny\u0171 tiszt\u00edt\u00e1s, gy\u00f6ny\u00f6r\u0171 megjelen\u00e9s \u00e9s tervez\u00e9si lehet\u0151s\u00e9gek t\u00f6bb mint j\u00f3 ok arra, hogy kerrock mosd\u00f3t vagy mosogat\u00f3t v\u00e1lasszunk.\",\"breadcrumb\":{\"@id\":\"https:\/\/www.kerrock.hu\/staging\/mosdokagylok-es-mosogatok\/#breadcrumb\"},\"inLanguage\":\"hu\",\"potentialAction\":[{\"@type\":\"ReadAction\",\"target\":[\"https:\/\/www.kerrock.hu\/staging\/mosdokagylok-es-mosogatok\/\"]}]},{\"@type\":\"ImageObject\",\"inLanguage\":\"hu\",\"@id\":\"https:\/\/www.kerrock.hu\/staging\/mosdokagylok-es-mosogatok\/#primaryimage\",\"url\":\"https:\/\/www.kerrock.hu\/staging\/wp-content\/uploads\/2020\/12\/umivalniki_in_pomivalniki-2.jpg\",\"contentUrl\":\"https:\/\/www.kerrock.hu\/staging\/wp-content\/uploads\/2020\/12\/umivalniki_in_pomivalniki-2.jpg\",\"width\":1920,\"height\":700},{\"@type\":\"BreadcrumbList\",\"@id\":\"https:\/\/www.kerrock.hu\/staging\/mosdokagylok-es-mosogatok\/#breadcrumb\",\"itemListElement\":[{\"@type\":\"ListItem\",\"position\":1,\"name\":\"Home\",\"item\":\"https:\/\/www.kerrock.hu\/\"},{\"@type\":\"ListItem\",\"position\":2,\"name\":\"Term\u00e9kek\"}]},{\"@type\":\"WebSite\",\"@id\":\"https:\/\/www.kerrock.hu\/#website\",\"url\":\"https:\/\/www.kerrock.hu\/\",\"name\":\"Staging Kerock\",\"description\":\"B\u00e1rmilyen \u00f6tlete lenne. Mi megval\u00f3s\u00edtjuk.\",\"publisher\":{\"@id\":\"https:\/\/www.kerrock.hu\/#organization\"},\"potentialAction\":[{\"@type\":\"SearchAction\",\"target\":{\"@type\":\"EntryPoint\",\"urlTemplate\":\"https:\/\/www.kerrock.hu\/?s={search_term_string}\"},\"query-input\":{\"@type\":\"PropertyValueSpecification\",\"valueRequired\":true,\"valueName\":\"search_term_string\"}}],\"inLanguage\":\"hu\"},{\"@type\":\"Organization\",\"@id\":\"https:\/\/www.kerrock.hu\/#organization\",\"name\":\"Kerrock\",\"url\":\"https:\/\/www.kerrock.hu\/\",\"logo\":{\"@type\":\"ImageObject\",\"inLanguage\":\"hu\",\"@id\":\"https:\/\/www.kerrock.hu\/#\/schema\/logo\/image\/\",\"url\":\"https:\/\/www.kerrock.hu\/staging\/wp-content\/uploads\/2021\/01\/facebook_share_image_1200x628_v2_20210106.jpg\",\"contentUrl\":\"https:\/\/www.kerrock.hu\/staging\/wp-content\/uploads\/2021\/01\/facebook_share_image_1200x628_v2_20210106.jpg\",\"width\":1200,\"height\":628,\"caption\":\"Kerrock\"},\"image\":{\"@id\":\"https:\/\/www.kerrock.hu\/#\/schema\/logo\/image\/\"}}]}<\/script>\n<!-- \/ Yoast SEO plugin. -->","yoast_head_json":{"title":"Term\u00e9kek | Staging Kerock","description":"Haszn\u00e1lhat\u00f3s\u00e1g, ellen\u00e1ll\u00e1s, k\u00f6nny\u0171 tiszt\u00edt\u00e1s, gy\u00f6ny\u00f6r\u0171 megjelen\u00e9s \u00e9s tervez\u00e9si lehet\u0151s\u00e9gek t\u00f6bb mint j\u00f3 ok arra, hogy kerrock mosd\u00f3t vagy mosogat\u00f3t v\u00e1lasszunk.","robots":{"index":"noindex","follow":"follow","max-snippet":"max-snippet:-1","max-image-preview":"max-image-preview:large","max-video-preview":"max-video-preview:-1"},"og_locale":"hu_HU","og_type":"article","og_title":"Term\u00e9kek | Staging Kerock","og_description":"Haszn\u00e1lhat\u00f3s\u00e1g, ellen\u00e1ll\u00e1s, k\u00f6nny\u0171 tiszt\u00edt\u00e1s, gy\u00f6ny\u00f6r\u0171 megjelen\u00e9s \u00e9s tervez\u00e9si lehet\u0151s\u00e9gek t\u00f6bb mint j\u00f3 ok arra, hogy kerrock mosd\u00f3t vagy mosogat\u00f3t v\u00e1lasszunk.","og_url":"https:\/\/www.kerrock.hu\/staging\/mosdokagylok-es-mosogatok\/","og_site_name":"Staging Kerock","article_modified_time":"2024-05-31T07:26:02+00:00","og_image":[{"width":1920,"height":700,"url":"https:\/\/www.kerrock.hu\/wp-content\/uploads\/2020\/12\/umivalniki_in_pomivalniki-2.jpg","type":"image\/jpeg"}],"twitter_card":"summary_large_image","twitter_misc":{"Becs\u00fclt olvas\u00e1si id\u0151":"3 perc"},"schema":{"@context":"https:\/\/schema.org","@graph":[{"@type":"WebPage","@id":"https:\/\/www.kerrock.hu\/staging\/mosdokagylok-es-mosogatok\/","url":"https:\/\/www.kerrock.hu\/staging\/mosdokagylok-es-mosogatok\/","name":"Term\u00e9kek | Staging Kerock","isPartOf":{"@id":"https:\/\/www.kerrock.hu\/#website"},"primaryImageOfPage":{"@id":"https:\/\/www.kerrock.hu\/staging\/mosdokagylok-es-mosogatok\/#primaryimage"},"image":{"@id":"https:\/\/www.kerrock.hu\/staging\/mosdokagylok-es-mosogatok\/#primaryimage"},"thumbnailUrl":"https:\/\/www.kerrock.hu\/staging\/wp-content\/uploads\/2020\/12\/umivalniki_in_pomivalniki-2.jpg","datePublished":"2021-01-26T10:46:49+00:00","dateModified":"2024-05-31T07:26:02+00:00","description":"Haszn\u00e1lhat\u00f3s\u00e1g, ellen\u00e1ll\u00e1s, k\u00f6nny\u0171 tiszt\u00edt\u00e1s, gy\u00f6ny\u00f6r\u0171 megjelen\u00e9s \u00e9s tervez\u00e9si lehet\u0151s\u00e9gek t\u00f6bb mint j\u00f3 ok arra, hogy kerrock mosd\u00f3t vagy mosogat\u00f3t v\u00e1lasszunk.","breadcrumb":{"@id":"https:\/\/www.kerrock.hu\/staging\/mosdokagylok-es-mosogatok\/#breadcrumb"},"inLanguage":"hu","potentialAction":[{"@type":"ReadAction","target":["https:\/\/www.kerrock.hu\/staging\/mosdokagylok-es-mosogatok\/"]}]},{"@type":"ImageObject","inLanguage":"hu","@id":"https:\/\/www.kerrock.hu\/staging\/mosdokagylok-es-mosogatok\/#primaryimage","url":"https:\/\/www.kerrock.hu\/staging\/wp-content\/uploads\/2020\/12\/umivalniki_in_pomivalniki-2.jpg","contentUrl":"https:\/\/www.kerrock.hu\/staging\/wp-content\/uploads\/2020\/12\/umivalniki_in_pomivalniki-2.jpg","width":1920,"height":700},{"@type":"BreadcrumbList","@id":"https:\/\/www.kerrock.hu\/staging\/mosdokagylok-es-mosogatok\/#breadcrumb","itemListElement":[{"@type":"ListItem","position":1,"name":"Home","item":"https:\/\/www.kerrock.hu\/"},{"@type":"ListItem","position":2,"name":"Term\u00e9kek"}]},{"@type":"WebSite","@id":"https:\/\/www.kerrock.hu\/#website","url":"https:\/\/www.kerrock.hu\/","name":"Staging Kerock","description":"B\u00e1rmilyen \u00f6tlete lenne. Mi megval\u00f3s\u00edtjuk.","publisher":{"@id":"https:\/\/www.kerrock.hu\/#organization"},"potentialAction":[{"@type":"SearchAction","target":{"@type":"EntryPoint","urlTemplate":"https:\/\/www.kerrock.hu\/?s={search_term_string}"},"query-input":{"@type":"PropertyValueSpecification","valueRequired":true,"valueName":"search_term_string"}}],"inLanguage":"hu"},{"@type":"Organization","@id":"https:\/\/www.kerrock.hu\/#organization","name":"Kerrock","url":"https:\/\/www.kerrock.hu\/","logo":{"@type":"ImageObject","inLanguage":"hu","@id":"https:\/\/www.kerrock.hu\/#\/schema\/logo\/image\/","url":"https:\/\/www.kerrock.hu\/staging\/wp-content\/uploads\/2021\/01\/facebook_share_image_1200x628_v2_20210106.jpg","contentUrl":"https:\/\/www.kerrock.hu\/staging\/wp-content\/uploads\/2021\/01\/facebook_share_image_1200x628_v2_20210106.jpg","width":1200,"height":628,"caption":"Kerrock"},"image":{"@id":"https:\/\/www.kerrock.hu\/#\/schema\/logo\/image\/"}}]}},"_links":{"self":[{"href":"https:\/\/www.kerrock.hu\/staging\/wp-json\/wp\/v2\/pages\/11323","targetHints":{"allow":["GET"]}}],"collection":[{"href":"https:\/\/www.kerrock.hu\/staging\/wp-json\/wp\/v2\/pages"}],"about":[{"href":"https:\/\/www.kerrock.hu\/staging\/wp-json\/wp\/v2\/types\/page"}],"author":[{"embeddable":true,"href":"https:\/\/www.kerrock.hu\/staging\/wp-json\/wp\/v2\/users\/5"}],"replies":[{"embeddable":true,"href":"https:\/\/www.kerrock.hu\/staging\/wp-json\/wp\/v2\/comments?post=11323"}],"version-history":[{"count":2,"href":"https:\/\/www.kerrock.hu\/staging\/wp-json\/wp\/v2\/pages\/11323\/revisions"}],"predecessor-version":[{"id":97928,"href":"https:\/\/www.kerrock.hu\/staging\/wp-json\/wp\/v2\/pages\/11323\/revisions\/97928"}],"wp:featuredmedia":[{"embeddable":true,"href":"https:\/\/www.kerrock.hu\/staging\/wp-json\/wp\/v2\/media\/11330"}],"wp:attachment":[{"href":"https:\/\/www.kerrock.hu\/staging\/wp-json\/wp\/v2\/media?parent=11323"}],"curies":[{"name":"wp","href":"https:\/\/api.w.org\/{rel}","templated":true}]}}