{"id":11409,"date":"2021-01-26T10:46:58","date_gmt":"2021-01-26T10:46:58","guid":{"rendered":"https:\/\/kerrock.si\/staging\/a-cookie-krol-sutikrol\/"},"modified":"2021-02-15T13:58:08","modified_gmt":"2021-02-15T13:58:08","slug":"a-cookie-krol-sutikrol","status":"publish","type":"page","link":"https:\/\/www.kerrock.hu\/staging\/a-cookie-krol-sutikrol\/","title":{"rendered":"A Cookie-kr\u0151l (s\u00fctikr\u0151l)"},"content":{"rendered":"","protected":false},"excerpt":{"rendered":"","protected":false},"author":5,"featured_media":10341,"parent":0,"menu_order":0,"comment_status":"closed","ping_status":"closed","template":"","meta":{"_acf_changed":false,"inline_featured_image":false,"footnotes":""},"class_list":["post-11409","page","type-page","status-publish","has-post-thumbnail","hentry"],"acf":[],"yoast_head":"<!-- This site is optimized with the Yoast SEO plugin v26.9 - https:\/\/yoast.com\/product\/yoast-seo-wordpress\/ -->\n<title>A Cookie-kr\u0151l (s\u00fctikr\u0151l) | Staging Kerock<\/title>\n<meta name=\"robots\" content=\"noindex, follow, max-snippet:-1, max-image-preview:large, max-video-preview:-1\" \/>\n<meta property=\"og:locale\" content=\"hu_HU\" \/>\n<meta property=\"og:type\" content=\"article\" \/>\n<meta property=\"og:title\" content=\"A Cookie-kr\u0151l (s\u00fctikr\u0151l) | Staging Kerock\" \/>\n<meta property=\"og:url\" content=\"https:\/\/www.kerrock.hu\/staging\/a-cookie-krol-sutikrol\/\" \/>\n<meta property=\"og:site_name\" content=\"Staging Kerock\" \/>\n<meta property=\"article:modified_time\" content=\"2021-02-15T13:58:08+00:00\" \/>\n<meta property=\"og:image\" content=\"https:\/\/www.kerrock.hu\/wp-content\/uploads\/2020\/12\/spoznajte_kerrock_compress.jpg\" \/>\n\t<meta property=\"og:image:width\" content=\"1920\" \/>\n\t<meta property=\"og:image:height\" content=\"700\" \/>\n\t<meta property=\"og:image:type\" content=\"image\/jpeg\" \/>\n<meta name=\"twitter:card\" content=\"summary_large_image\" \/>\n<script type=\"application\/ld+json\" class=\"yoast-schema-graph\">{\"@context\":\"https:\/\/schema.org\",\"@graph\":[{\"@type\":\"WebPage\",\"@id\":\"https:\/\/www.kerrock.hu\/staging\/a-cookie-krol-sutikrol\/\",\"url\":\"https:\/\/www.kerrock.hu\/staging\/a-cookie-krol-sutikrol\/\",\"name\":\"A Cookie-kr\u0151l (s\u00fctikr\u0151l) | Staging Kerock\",\"isPartOf\":{\"@id\":\"https:\/\/www.kerrock.hu\/#website\"},\"primaryImageOfPage\":{\"@id\":\"https:\/\/www.kerrock.hu\/staging\/a-cookie-krol-sutikrol\/#primaryimage\"},\"image\":{\"@id\":\"https:\/\/www.kerrock.hu\/staging\/a-cookie-krol-sutikrol\/#primaryimage\"},\"thumbnailUrl\":\"https:\/\/www.kerrock.hu\/staging\/wp-content\/uploads\/2020\/12\/spoznajte_kerrock_compress.jpg\",\"datePublished\":\"2021-01-26T10:46:58+00:00\",\"dateModified\":\"2021-02-15T13:58:08+00:00\",\"breadcrumb\":{\"@id\":\"https:\/\/www.kerrock.hu\/staging\/a-cookie-krol-sutikrol\/#breadcrumb\"},\"inLanguage\":\"hu\",\"potentialAction\":[{\"@type\":\"ReadAction\",\"target\":[\"https:\/\/www.kerrock.hu\/staging\/a-cookie-krol-sutikrol\/\"]}]},{\"@type\":\"ImageObject\",\"inLanguage\":\"hu\",\"@id\":\"https:\/\/www.kerrock.hu\/staging\/a-cookie-krol-sutikrol\/#primaryimage\",\"url\":\"https:\/\/www.kerrock.hu\/staging\/wp-content\/uploads\/2020\/12\/spoznajte_kerrock_compress.jpg\",\"contentUrl\":\"https:\/\/www.kerrock.hu\/staging\/wp-content\/uploads\/2020\/12\/spoznajte_kerrock_compress.jpg\",\"width\":1920,\"height\":700},{\"@type\":\"BreadcrumbList\",\"@id\":\"https:\/\/www.kerrock.hu\/staging\/a-cookie-krol-sutikrol\/#breadcrumb\",\"itemListElement\":[{\"@type\":\"ListItem\",\"position\":1,\"name\":\"Home\",\"item\":\"https:\/\/www.kerrock.hu\/\"},{\"@type\":\"ListItem\",\"position\":2,\"name\":\"A Cookie-kr\u0151l (s\u00fctikr\u0151l)\"}]},{\"@type\":\"WebSite\",\"@id\":\"https:\/\/www.kerrock.hu\/#website\",\"url\":\"https:\/\/www.kerrock.hu\/\",\"name\":\"Staging Kerock\",\"description\":\"B\u00e1rmilyen \u00f6tlete lenne. Mi megval\u00f3s\u00edtjuk.\",\"publisher\":{\"@id\":\"https:\/\/www.kerrock.hu\/#organization\"},\"potentialAction\":[{\"@type\":\"SearchAction\",\"target\":{\"@type\":\"EntryPoint\",\"urlTemplate\":\"https:\/\/www.kerrock.hu\/?s={search_term_string}\"},\"query-input\":{\"@type\":\"PropertyValueSpecification\",\"valueRequired\":true,\"valueName\":\"search_term_string\"}}],\"inLanguage\":\"hu\"},{\"@type\":\"Organization\",\"@id\":\"https:\/\/www.kerrock.hu\/#organization\",\"name\":\"Kerrock\",\"url\":\"https:\/\/www.kerrock.hu\/\",\"logo\":{\"@type\":\"ImageObject\",\"inLanguage\":\"hu\",\"@id\":\"https:\/\/www.kerrock.hu\/#\/schema\/logo\/image\/\",\"url\":\"https:\/\/www.kerrock.hu\/staging\/wp-content\/uploads\/2021\/01\/facebook_share_image_1200x628_v2_20210106.jpg\",\"contentUrl\":\"https:\/\/www.kerrock.hu\/staging\/wp-content\/uploads\/2021\/01\/facebook_share_image_1200x628_v2_20210106.jpg\",\"width\":1200,\"height\":628,\"caption\":\"Kerrock\"},\"image\":{\"@id\":\"https:\/\/www.kerrock.hu\/#\/schema\/logo\/image\/\"}}]}<\/script>\n<!-- \/ Yoast SEO plugin. -->","yoast_head_json":{"title":"A Cookie-kr\u0151l (s\u00fctikr\u0151l) | Staging Kerock","robots":{"index":"noindex","follow":"follow","max-snippet":"max-snippet:-1","max-image-preview":"max-image-preview:large","max-video-preview":"max-video-preview:-1"},"og_locale":"hu_HU","og_type":"article","og_title":"A Cookie-kr\u0151l (s\u00fctikr\u0151l) | Staging Kerock","og_url":"https:\/\/www.kerrock.hu\/staging\/a-cookie-krol-sutikrol\/","og_site_name":"Staging Kerock","article_modified_time":"2021-02-15T13:58:08+00:00","og_image":[{"width":1920,"height":700,"url":"https:\/\/www.kerrock.hu\/wp-content\/uploads\/2020\/12\/spoznajte_kerrock_compress.jpg","type":"image\/jpeg"}],"twitter_card":"summary_large_image","schema":{"@context":"https:\/\/schema.org","@graph":[{"@type":"WebPage","@id":"https:\/\/www.kerrock.hu\/staging\/a-cookie-krol-sutikrol\/","url":"https:\/\/www.kerrock.hu\/staging\/a-cookie-krol-sutikrol\/","name":"A Cookie-kr\u0151l (s\u00fctikr\u0151l) | Staging Kerock","isPartOf":{"@id":"https:\/\/www.kerrock.hu\/#website"},"primaryImageOfPage":{"@id":"https:\/\/www.kerrock.hu\/staging\/a-cookie-krol-sutikrol\/#primaryimage"},"image":{"@id":"https:\/\/www.kerrock.hu\/staging\/a-cookie-krol-sutikrol\/#primaryimage"},"thumbnailUrl":"https:\/\/www.kerrock.hu\/staging\/wp-content\/uploads\/2020\/12\/spoznajte_kerrock_compress.jpg","datePublished":"2021-01-26T10:46:58+00:00","dateModified":"2021-02-15T13:58:08+00:00","breadcrumb":{"@id":"https:\/\/www.kerrock.hu\/staging\/a-cookie-krol-sutikrol\/#breadcrumb"},"inLanguage":"hu","potentialAction":[{"@type":"ReadAction","target":["https:\/\/www.kerrock.hu\/staging\/a-cookie-krol-sutikrol\/"]}]},{"@type":"ImageObject","inLanguage":"hu","@id":"https:\/\/www.kerrock.hu\/staging\/a-cookie-krol-sutikrol\/#primaryimage","url":"https:\/\/www.kerrock.hu\/staging\/wp-content\/uploads\/2020\/12\/spoznajte_kerrock_compress.jpg","contentUrl":"https:\/\/www.kerrock.hu\/staging\/wp-content\/uploads\/2020\/12\/spoznajte_kerrock_compress.jpg","width":1920,"height":700},{"@type":"BreadcrumbList","@id":"https:\/\/www.kerrock.hu\/staging\/a-cookie-krol-sutikrol\/#breadcrumb","itemListElement":[{"@type":"ListItem","position":1,"name":"Home","item":"https:\/\/www.kerrock.hu\/"},{"@type":"ListItem","position":2,"name":"A Cookie-kr\u0151l (s\u00fctikr\u0151l)"}]},{"@type":"WebSite","@id":"https:\/\/www.kerrock.hu\/#website","url":"https:\/\/www.kerrock.hu\/","name":"Staging Kerock","description":"B\u00e1rmilyen \u00f6tlete lenne. Mi megval\u00f3s\u00edtjuk.","publisher":{"@id":"https:\/\/www.kerrock.hu\/#organization"},"potentialAction":[{"@type":"SearchAction","target":{"@type":"EntryPoint","urlTemplate":"https:\/\/www.kerrock.hu\/?s={search_term_string}"},"query-input":{"@type":"PropertyValueSpecification","valueRequired":true,"valueName":"search_term_string"}}],"inLanguage":"hu"},{"@type":"Organization","@id":"https:\/\/www.kerrock.hu\/#organization","name":"Kerrock","url":"https:\/\/www.kerrock.hu\/","logo":{"@type":"ImageObject","inLanguage":"hu","@id":"https:\/\/www.kerrock.hu\/#\/schema\/logo\/image\/","url":"https:\/\/www.kerrock.hu\/staging\/wp-content\/uploads\/2021\/01\/facebook_share_image_1200x628_v2_20210106.jpg","contentUrl":"https:\/\/www.kerrock.hu\/staging\/wp-content\/uploads\/2021\/01\/facebook_share_image_1200x628_v2_20210106.jpg","width":1200,"height":628,"caption":"Kerrock"},"image":{"@id":"https:\/\/www.kerrock.hu\/#\/schema\/logo\/image\/"}}]}},"_links":{"self":[{"href":"https:\/\/www.kerrock.hu\/staging\/wp-json\/wp\/v2\/pages\/11409","targetHints":{"allow":["GET"]}}],"collection":[{"href":"https:\/\/www.kerrock.hu\/staging\/wp-json\/wp\/v2\/pages"}],"about":[{"href":"https:\/\/www.kerrock.hu\/staging\/wp-json\/wp\/v2\/types\/page"}],"author":[{"embeddable":true,"href":"https:\/\/www.kerrock.hu\/staging\/wp-json\/wp\/v2\/users\/5"}],"replies":[{"embeddable":true,"href":"https:\/\/www.kerrock.hu\/staging\/wp-json\/wp\/v2\/comments?post=11409"}],"version-history":[{"count":1,"href":"https:\/\/www.kerrock.hu\/staging\/wp-json\/wp\/v2\/pages\/11409\/revisions"}],"predecessor-version":[{"id":19523,"href":"https:\/\/www.kerrock.hu\/staging\/wp-json\/wp\/v2\/pages\/11409\/revisions\/19523"}],"wp:featuredmedia":[{"embeddable":true,"href":"https:\/\/www.kerrock.hu\/staging\/wp-json\/wp\/v2\/media\/10341"}],"wp:attachment":[{"href":"https:\/\/www.kerrock.hu\/staging\/wp-json\/wp\/v2\/media?parent=11409"}],"curies":[{"name":"wp","href":"https:\/\/api.w.org\/{rel}","templated":true}]}}